rs of 53075?
5, 11, 193
What are the prime factors of 31411?
101, 311
What are the prime factors of 2159?
17, 127
List the prime factors of 100106.
2, 50053
List the prime factors of 7265.
5, 1453
What are the prime factors of 150662?
2, 71, 1061
What are the prime factors of 388?
2, 97
What are the prime factors of 5261?
5261
List the prime factors of 13641.
3, 4547
What are the prime factors of 19024?
2, 29, 41
List the prime factors of 4366.
2, 37, 59
List the prime factors of 10743.
3, 3581
List the prime factors of 1101.
3, 367
List the prime factors of 14009.
14009
List the prime factors of 30897.
3, 3433
What are the prime factors of 6644?
2, 11, 151
What are the prime factors of 2?
2
List the prime factors of 51245.
5, 37, 277
What are the prime factors of 55140?
2, 3, 5, 919
What are the prime factors of 104566?
2, 7, 11, 97
What are the prime factors of 2412?
2, 3, 67
What are the prime factors of 9979?
17, 587
What are the prime factors of 167?
167
List the prime factors of 10743.
3, 3581
List the prime factors of 18131.
18131
List the prime factors of 2669.
17, 157
List the prime factors of 27822.
2, 3, 4637
List the prime factors of 1995.
3, 5, 7, 19
List the prime factors of 14896.
2, 7, 19
What are the prime factors of 1686?
2, 3, 281
List the prime factors of 8769.
3, 37, 79
List the prime factors of 35247.
3, 31, 379
What are the prime factors of 11121?
3, 11, 337
List the prime factors of 375.
3, 5
What are the prime factors of 89037?
3, 13, 761
List the prime factors of 12030.
2, 3, 5, 401
What are the prime factors of 285?
3, 5, 19
List the prime factors of 1171.
1171
What are the prime factors of 600?
2, 3, 5
What are the prime factors of 626?
2, 313
What are the prime factors of 3085?
5, 617
List the prime factors of 775.
5, 31
List the prime factors of 7290.
2, 3, 5
What are the prime factors of 702?
2, 3, 13
What are the prime factors of 18670?
2, 5, 1867
What are the prime factors of 25116?
2, 3, 7, 13, 23
What are the prime factors of 2082?
2, 3, 347
List the prime factors of 1537.
29, 53
List the prime factors of 17883.
3, 1987
List the prime factors of 1018.
2, 509
List the prime factors of 32293.
43, 751
What are the prime factors of 73703?
7, 10529
List the prime factors of 160110.
2, 3, 5, 593
What are the prime factors of 4288?
2, 67
List the prime factors of 2687.
2687
What are the prime factors of 8337?
3, 7, 397
What are the prime factors of 18661?
18661
What are the prime factors of 133149?
3, 44383
List the prime factors of 2525.
5, 101
List the prime factors of 2501.
41, 61
What are the prime factors of 95833?
47, 2039
List the prime factors of 398.
2, 199
List the prime factors of 409.
409
List the prime factors of 12795.
3, 5, 853
List the prime factors of 8961.
3, 29, 103
List the prime factors of 2051.
7, 293
List the prime factors of 2452.
2, 613
List the prime factors of 13600.
2, 5, 17
What are the prime factors of 4730?
2, 5, 11, 43
List the prime factors of 84561.
3, 71, 397
What are the prime factors of 68603?
31, 2213
List the prime factors of 1558.
2, 19, 41
List the prime factors of 114439.
13, 8803
What are the prime factors of 100802?
2, 13, 3877
What are the prime factors of 62925?
3, 5, 839
List the prime factors of 4039.
7, 577
List the prime factors of 1238.
2, 619
What are the prime factors of 167?
167
List the prime factors of 110881.
110881
What are the prime factors of 510?
2, 3, 5, 17
List the prime factors of 597.
3, 199
What are the prime factors of 5517?
3, 613
List the prime factors of 1558.
2, 19, 41
What are the prime factors of 112818?
2, 3, 18803
What are the prime factors of 3642?
2, 3, 607
List the prime factors of 2239.
2239
What are the prime factors of 11766?
2, 3, 37, 53
List the prime factors of 3239.
41, 79
List the prime factors of 14401.
14401
What are the prime factors of 85129?
11, 71, 109
List the prime factors of 27717.
3, 9239
List the prime factors of 1634.
2, 19, 43
What are the prime factors of 19185?
3, 5, 1279
List the prime factors of 6692.
2, 7, 239
List the prime factors of 64842.
2, 3, 101, 107
What are the prime factors of 622?
2, 311
What are the prime factors of 2882?
2, 11, 131
What are the prime factors of 30068?
2, 7517
List the prime factors of 6672.
2, 3, 139
List the prime factors of 2068.
2, 11, 47
List the prime factors of 59905.
5, 11981
What are the prime factors of 8154?
2, 3, 151
List the prime factors of 4389.
3, 7, 11, 19
What are the prime factors of 5295?
3, 5, 353
List the prime factors of 4289.
4289
List the prime factors of 357.
3, 7, 17
List the prime factors of 12554.
2, 6277
List the prime factors of 6209.
7, 887
What are the prime factors of 2770?
2, 5, 277
What are the prime factors of 114644?
2, 28661
List the prime factors of 7946.
2, 29, 137
What are the prime factors of 14166?
2, 3, 787
List the prime factors of 1555.
5, 311
List the prime factors of 9489.
3, 3163
List the prime factors of 29886.
2, 3, 17, 293
What are the prime factors of 10238?
2, 5119
List the prime factors of 3730.
2, 5, 373
List the prime factors of 14023.
37, 379
List the prime factors of 1842.
2, 3, 307
What are the prime factors of 41818?
2, 7, 29, 103
What are the prime factors of 5714?
2, 2857
List the prime factors of 14274.
2, 3, 13, 61
What are the prime factors of 3121?
3121
What are the prime factors of 4421?
4421
What are the prime factors of 903?
3, 7, 43
What are the prime factors of 6932?
2, 1733
What are the prime factors of 1637?
1637
What are the prime factors of 14875?
5, 7, 17
What are the prime factors of 6029?
6029
What are the prime factors of 7504?
2, 7, 67
List the prime factors of 8708.
2, 7, 311
What are the prime factors of 10209?
3, 41, 83
List the prime factors of 2234.
2, 1117
List the prime factors of 1781.
13, 137
What are the prime factors of 4242?
2, 3, 7, 101
What are the prime factors of 19752?
2, 3, 823
List the prime factors of 796.
2, 199
What are the prime factors of 52610?
2, 5, 5261
What are the prime factors of 131139?
3, 1619
What are the prime factors of 1064?
2, 7, 19
What are the prime factors of 10996?
2, 2749
List the prime factors of 14641.
11
What are the prime factors of 1300?
2, 5, 13
List the prime factors of 17976.
2, 3, 7, 107
List the prime factors of 99051.
3, 137, 241
List the prime factors of 26397.
3, 7, 419
What are the prime factors of 16611?
3, 7, 113
List the prime factors of 78.
2, 3, 13
List the prime factors of 2415.
3, 5, 7, 23
What are the prime factors of 64417?
37, 1741
List the prime factors of 23165.
5, 41, 113
List the prime factors of 855.
3, 5, 19
List the prime factors of 84947.
84947
List the prime factors of 781.
11, 71
List the prime factors of 339.
3, 113
List the prime factors of 71724.
2, 3, 43, 139
What are the prime factors of 4879?
7, 17, 41
What are the prime factors of 8095?
5, 1619
What are the prime factors of 518?
2, 7, 37
What are the prime factors of 3600?
2, 3, 5
List the prime factors of 85649.
41, 2089
What are the prime factors of 126915?
3, 5, 8461
List the prime factors of 118400.
2, 5, 37
List the prime factors of 8721.
3, 17, 19
List the prime factors of 7120.
2, 5, 89
List the prime factors of 14305.
5, 2861
What are the prime factors of 72531?
3, 8059
What are the prime factors of 340?
2, 5, 17
What are the prime factors of 65265?
3, 5, 19, 229
List the prime factors of 41292.
2, 3, 31, 37
What are the prime factors of 407?
11, 37
What are the prime factors of 143432?
2, 17929
List the prime factors of 5240.
2, 5, 131
What are the prime factors of 70750?
2, 5, 283
List the prime factors of 1433.
1433
List the prime factors of 1526.
2, 7, 109
List the prime factors of 155.
5, 31
What are the prime factors of 334?
2, 167
What are the prime factors of 1170?
2, 3, 5, 13
List the prime factors of 737.
11, 67
List the prime factors of 130833.
3, 14537
List the prime factors of 1576.
2, 197
What are the prime factors of 540?
2, 3, 5
List the prime factors of 5007.
3, 1669
List the prime factors of 9921.
3, 3307
What are the prime factors of 3230?
2, 5, 17, 19
List the prime factors of 9960.
2, 3, 5, 83
List the prime factors of 8530.
2, 5, 853
List the prime factors of 42089.
42089
What are the prime factors of 16359?
3, 7, 19, 41
What are the prime